e highest common divisor of 305 and 40584032.
61
Calculate the highest common factor of 656 and 58798264.
328
What is the greatest common divisor of 6506 and 849612034?
6506
Calculate the highest common factor of 1007 and 25289741.
19
What is the greatest common divisor of 248 and 160?
8
Calculate the highest common factor of 24462972 and 1458.
162
Calculate the highest common factor of 67180175 and 68.
17
Calculate the greatest common divisor of 8326 and 262.
2
Calculate the greatest common factor of 1485 and 18676185.
165
Calculate the highest common divisor of 2078017 and 4506.
751
What is the greatest common divisor of 39495141 and 4242?
2121
What is the highest common divisor of 25005094 and 4194?
466
What is the greatest common divisor of 217776 and 484848?
624
What is the highest common factor of 435071 and 21856?
683
What is the highest common factor of 14700 and 140760732?
588
Calculate the highest common divisor of 17331990 and 190.
190
What is the greatest common divisor of 41191953 and 33?
33
What is the greatest common factor of 187 and 8053886?
17
What is the greatest common divisor of 475 and 147541925?
25
Calculate the greatest common factor of 8756 and 267174017.
2189
Calculate the highest common divisor of 249513025 and 134.
67
What is the highest common factor of 472508467 and 43?
43
Calculate the greatest common factor of 586462 and 729052.
194
What is the highest common factor of 22558260 and 40?
20
Calculate the highest common divisor of 276 and 21663492.
12
What is the greatest common divisor of 304698 and 72498?
258
What is the greatest common factor of 552631 and 1007?
53
What is the greatest common factor of 1605154 and 4130?
118
What is the highest common divisor of 15488 and 252978?
22
What is the highest common divisor of 3028752 and 650997?
4617
What is the highest common divisor of 35089178 and 626?
626
Calculate the greatest common divisor of 46571884 and 5570.
1114
What is the highest common divisor of 87 and 441757?
29
Calculate the greatest common factor of 144265 and 35045.
215
Calculate the highest common factor of 82082 and 32461.
143
What is the highest common factor of 22 and 3893582?
22
Calculate the greatest common divisor of 1224 and 8060616.
72
What is the greatest common divisor of 2176 and 7908672?
1088
What is the greatest common factor of 609 and 1456392?
21
What is the highest common factor of 158 and 3935396218?
158
Calculate the greatest common factor of 2007456 and 178464.
1056
Calculate the greatest common divisor of 666655 and 26099365.
3565
Calculate the greatest common divisor of 5264 and 161116.
188
What is the highest common factor of 12853009 and 468?
13
Calculate the highest common factor of 127571 and 2546809.
1537
Calculate the highest common factor of 90 and 2717163.
9
Calculate the highest common divisor of 140 and 1726865.
35
What is the greatest common divisor of 557060 and 4715?
115
Calculate the greatest common factor of 480312 and 453600.
504
What is the highest common factor of 1296 and 483007536?
1296
Calculate the highest common divisor of 91396 and 13437716.
1252
Calculate the greatest common factor of 23814 and 11268.
18
What is the highest common factor of 411 and 22286475?
411
What is the highest common divisor of 9636501 and 1071?
357
What is the greatest common divisor of 282116205 and 34265?
3115
What is the highest common divisor of 352266 and 8922?
6
What is the highest common divisor of 7 and 453369742?
7
What is the highest common factor of 565 and 189755?
5
What is the greatest common divisor of 13880 and 108740?
20
Calculate the greatest common factor of 3020089 and 1102.
29
What is the highest common divisor of 6261 and 84008011?
2087
What is the highest common factor of 703364 and 4040?
404
Calculate the highest common factor of 125977 and 144179.
479
What is the greatest common factor of 95131380 and 60?
60
Calculate the greatest common divisor of 1199 and 23196617.
109
Calculate the greatest common factor of 3765 and 95961065.
1255
Calculate the highest common divisor of 30180 and 109845140.
10060
What is the greatest common divisor of 120 and 267414480?
120
What is the highest common divisor of 305168 and 272?
16
Calculate the highest common divisor of 6117712 and 448.
16
Calculate the highest common factor of 36 and 1782150.
6
Calculate the highest common factor of 30423235 and 45.
5
Calculate the greatest common factor of 324357425 and 350.
175
Calculate the highest common factor of 100224 and 27492.
348
What is the greatest common factor of 180 and 5360?
20
What is the greatest common divisor of 14996409 and 1005?
201
Calculate the highest common divisor of 7278430 and 80.
10
Calculate the highest common divisor of 18 and 236837628.
18
What is the greatest common factor of 104026 and 1794?
26
What is the highest common factor of 2101 and 311234?
11
Calculate the greatest common factor of 1675848017 and 107.
107
Calculate the highest common factor of 3715741 and 986.
493
What is the greatest common factor of 2342057 and 2303?
47
Calculate the highest common divisor of 19500 and 11508.
12
What is the greatest common divisor of 14727195 and 4410?
2205
What is the highest common divisor of 752 and 1506491?
47
Calculate the highest common factor of 11755 and 613425.
5
What is the greatest common factor of 208655546 and 132?
22
What is the highest common factor of 4334128 and 185072?
4304
Calculate the highest common factor of 171534 and 9108.
1518
Calculate the highest common divisor of 10370 and 7177077.
1037
Calculate the greatest common divisor of 290052 and 592704.
252
What is the greatest common divisor of 309117 and 174849?
501
What is the greatest common factor of 260264694 and 531?
177
Calculate the highest common factor of 163535070 and 510.
510
Calculate the greatest common factor of 469623 and 349569.
3531
Calculate the highest common factor of 2540 and 18792.
4
What is the greatest common divisor of 86 and 11365330?
86
What is the highest common factor of 35185821 and 44?
11
Calculate the greatest common divisor of 2460 and 163837640.
820
What is the greatest common divisor of 135332208 and 324?
324
Calculate the highest common factor of 425 and 907460.
85
Calculate the highest common factor of 125693890 and 14.
14
What is the highest common divisor of 57230 and 1532230?
590
Calculate the highest common factor of 1298 and 329318.
22
Calculate the greatest common factor of 150260 and 17820.
220
What is the highest common divisor of 3766 and 64708219?
269
Calculate the greatest common divisor of 20298740 and 420.
140
Calculate the highest common factor of 9282 and 13539786.
1326
What is the greatest common factor of 126 and 1398565?
7
Calculate the highest common factor of 723074457 and 339.
339
Calculate the highest common factor of 686 and 30265977.
343
Calculate the highest common divisor of 7048 and 9828436.
3524
What is the highest common divisor of 1068 and 72348?
12
Calculate the greatest common divisor of 1482 and 328692.
78
What is the greatest common factor of 18060340 and 20?
20
What is the greatest common divisor of 5078682 and 27?
9
What is the greatest common divisor of 37582 and 2498329?
437
Calculate the greatest common divisor of 158593198 and 1902.
634
What is the greatest common factor of 7289480 and 1408?
88
What is the highest common divisor of 11675 and 802825?
25
What is the highest common factor of 98197 and 1591040?
1243
Calculate the highest common divisor of 1267372 and 2948.
268
What is the greatest common divisor of 57148 and 798084?
28
What is the highest common factor of 49404 and 1682958?
1074
Calculate the greatest common factor of 108 and 212772.
12
Calculate the highest common divisor of 4 and 62484808.
4
What is the greatest common divisor of 26413 and 35939?
433
What is the greatest common divisor of 14882591 and 278?
139
Calculate the highest common factor of 363222 and 196758.
306
Calculate the highest common divisor of 50411010 and 59332.
4238
Calculate the greatest common factor of 1376 and 7584641.
43
What is the greatest common factor of 9 and 112274163?
9
Calculate the highest common divisor of 1516456 and 30392.
1048
Calculate the highest common factor of 1288 and 1040382.
322
Calculate the greates